{"id":901,"date":"2016-09-29T06:39:35","date_gmt":"2016-09-29T06:39:35","guid":{"rendered":"http:\/\/impreza9.us-themes.com\/?page_id=901"},"modified":"2021-11-24T13:36:41","modified_gmt":"2021-11-24T12:36:41","slug":"payment-delivery","status":"publish","type":"page","link":"https:\/\/www.bussettigiovanniartigianorafo.it\/shop\/payment-delivery\/","title":{"rendered":"Payment &amp; Delivery"},"content":{"rendered":"<section class=\"l-section wpb_row height_small\"><div class=\"l-section-h i-cf\"><div class=\"g-cols vc_row via_flex valign_top type_default stacking_default\" style=\"--additional-gap:17.5px;\"><div class=\"vc_col-sm-6 wpb_column vc_column_container\"><div class=\"vc_column-inner\"><div class=\"wpb_wrapper\"><div class=\"wpb_text_column\"><div class=\"wpb_wrapper\"><h2>Spedizione<\/h2>\n<p>Il trasporto viene effettuato tramite\u00a0<strong>MailBoxes<\/strong>, applicando alla spedizione il costo forfettario di \u00a0\u20ac 12 + IVA;<\/p>\n<p>I corrieri utilizzati potranno essere:<\/p>\n<ul>\n<li>TNT\/Fedex<\/li>\n<li>UPS<\/li>\n<li>SDA<\/li>\n<li>Bartolini<\/li>\n<\/ul>\n<p>La scelta del corriere \u00e8 a nostro insindacabile giudizio sulla base del peso del vostro ordine e la dimensione dei colli.<\/p>\n<h4>Spedizione Gratuita<\/h4>\n<p>In caso di un totale d\u2019ordine superiore a \u20ac 250,00 si potr\u00e0 beneficiare della spedizione gratuita.<\/p>\n<h4>Tempi di consegna<\/h4>\n<p>Gli ordini saranno evasi in 4-6 giorni lavorativi.<\/p>\n<p>Una volta consegnato la merce al corriere, la consegna verr\u00e0 effettuata all\u2019indirizzo stabilito in 24\/48 ore.<\/p>\n<h4>Disponibilit\u00e0 prodotti<\/h4>\n<p>I tempi di consegna menzionati si riferiscono ai prodotti presenti nel magazzino al momento dell\u2019ordine. Tuttavia se uno o pi\u00f9 prodotti risultasse momentaneamente esaurito, il Cliente verr\u00e0 avvisato via e-mail o telefonicamente del disguido, concordando la soluzione migliore.<\/p>\n<\/div><\/div><div class=\"w-separator size_large\"><\/div><\/div><\/div><\/div><div class=\"vc_col-sm-6 wpb_column vc_column_container\"><div class=\"vc_column-inner\"><div class=\"wpb_wrapper\"><div class=\"wpb_text_column\"><div class=\"wpb_wrapper\"><h2>Pagamenti<\/h2>\n<p>I pagamenti accettati sul sito sono:<\/p>\n<ul>\n<li>PayPal<\/li>\n<li>Bonifico Bancario<\/li>\n<\/ul>\n<p>Con l\u2019opzione di pagamento tramite Bonifico Bancario, il vostro ordine sar\u00e0 confermato solo dopo la verifica dell\u2019avvenuto pagamento. Diversamente, l\u2019ordine verr\u00e0 immediatamente processato ed evaso secondo le tempistiche stabilite nel paragrafo \u201cTempi di consegna\u201d.<\/p>\n<h4><strong>Fatturazione<\/strong><\/h4>\n<p>La fattura accompagnatoria viene sempre applicata all\u2019esterno del pacco.<\/p>\n<p>E\u2019 necessario, ai fini dell\u2019emissione del documento, indicare al momento dell\u2019ordine sulla pagina della Cassa, la vostra anagrafica aziendale completa di Ragione Sociale, recapito telefonico dove potervi contattare in caso di necessit\u00e0, Codice Fiscale e P. IVA.<\/p>\n<p>In caso di una vostra dimenticanza, si possono comunque comunicare i dati mancanti entro e non oltre i 30 giorni dalla data dell\u2019ordine.<\/p>\n<\/div><\/div><div class=\"w-separator size_large\"><\/div><\/div><\/div><\/div><\/div><\/div><\/section><section class=\"l-section wpb_row height_small\"><div class=\"l-section-h i-cf\"><div class=\"g-cols vc_row via_flex valign_top type_default stacking_default\"><div class=\"vc_col-sm-12 wpb_column vc_column_container\"><div class=\"vc_column-inner\"><div class=\"wpb_wrapper\"><div class=\"wpb_text_column\"><div class=\"wpb_wrapper\"><h1>Resi<\/h1>\n<p>Ai sensi dell\u2019art.5 del D.lgs. 22 Maggio 1999 n.185 il Cliente pu\u00f2 esercitare il diritto di recesso, restituendo il bene ricevuto e ottenendo il rimborso del prezzo pagato o la sostituzione del prodotto.<\/p>\n<p>Se per qualsiasi ragione, non ti ritenessi soddisfatto dell\u2019acquisto effettuato, hai diritto a restituire i prodotti ricevuti, senza alcuna penalit\u00e0 e senza specificarne il motivo, entro il termine di 10 (dieci) giorni lavorativi decorrenti dal giorno del ricevimento dell\u2019ordine.<\/p>\n<p><strong>N.B.<\/strong> Tutti i costi di ritorno al mittente dei prodotti sono a carico e sotto la responsabilit\u00e0 del Cliente, il quale provveder\u00e0 alla riconsegna dei medesimi presso la nostra sede, previo avviso scritto.<\/p>\n<p>Per esercitare il diritto di recesso il cliente dovr\u00e0, entro il termine sopra indicato, inviare un\u2019email all\u2019indirizzo <a href=\"mailto:boffiz@libero.it\">boffiz@libero.it<\/a> specificando:<\/p>\n<p>* la data dell\u2019ordine;<\/p>\n<p>* il prodotto\/i di cui si richiede la sostituzione o il rimborso.<\/p>\n<p>N.B. Il rimborso della somma versata e corrispondente all\u2019intero ordine o ad una parte di esso, al netto delle spese di spedizione ed eventuale diritto di contrassegno e\/o percentuale di trattenuta per pagamento con carta di credito e PayPal, avverr\u00e0 in accordo con il cliente a mezzo bonifico bancario, entro 14 (quattordici) giorni lavorativi dall\u2019arrivo della merce presso la nostra sede.<\/p>\n<p><strong>Il diritto di recesso \u00e8 comunque sottoposto alle seguenti condizioni:<\/strong><\/p>\n<p>\u2013 dato che la merce viaggia con documento di Fattura Accompagnatoria, si accetter\u00e0 il reso ESCLUSIVAMENTE se accompagnato da DDT con motivazione \u201cMerce resa per errato acquisto\u201d<\/p>\n<p>\u2013 il diritto si applica al prodotto acquistato nella sua interezza; non \u00e8 possibile esercitare recesso solamente su parte del prodotto acquistato (es.: accessori, allegati, ecc.);<\/p>\n<p>\u2013 il bene acquistato dovr\u00e0 essere integro e restituito nell\u2019imballo originale, completo in tutte le sue parti (compresi eventuale documentazione e dotazione accessoria: certificati di garanzia ecc.);<\/p>\n<p>\u2013 a norma di legge, le spese di spedizione del reso saranno a carico del Cliente;<\/p>\n<p>\u2013 la spedizione, fino all\u2019attestato di avvenuto ricevimento nel magazzino del venditore, \u00e8 sotto la responsabilit\u00e0 del Cliente, che si impegna a monitorare la spedizione con il corriere selezionato e verificarne l\u2019avvenuta regolare consegna. Non rispondiamo in nessun caso per danneggiamento, furto o smarrimento dei beni restituiti non essendo responsabile in alcun modo della spedizione;<\/p>\n<p>\u2013 al suo arrivo in magazzino, il prodotto verr\u00e0 esaminato per valutarne stato, integrit\u00e0 e conformit\u00e0. Qualora gli oggetti o gli imballi originali presentassero danni o non fossero conformi a quanto originariamente spedito, provvederemo a trattenere dal rimborso dovuto una percentuale pari al 20 % dello stesso, quale contributo alle spese di ripristino della merce. In caso il prodotto fosse danneggiato o non ripristinabile, lo stesso verr\u00e0 restituito al Cliente con addebito di spese di ritorno.<\/p>\n<p>Fatte salve eventuali spese di ripristino per danni accertati, provvederemo a sostituire il bene acquistato o a rimborsare l\u2019intero importo gi\u00e0 pagato (escluse le spese di spedizione ed eventuale diritto di contrassegno), entro 20 (venti) giorni dalla data di arrivo della merce resa c\/o i suoi magazzini.<\/p>\n<h4>Garanzia<\/h4>\n<p>Garantiamo la conformit\u00e0 dietro valutazione del tecnico, per 12 mesi a partire dalla data di fatturazione, per tutti i prodotti elettronici. Per tutti i prodotti soggetti a usura la garanzia riguarda esclusivamente l\u2019integrit\u00e0 del prodotto al momento della vendita.<\/p>\n<h4>Annullamento dell\u2019ordine<\/h4>\n<p>Puoi richiedere l\u2019annullamento del tuo ordine prima della spedizione della merce, avvisandoci via email o telefonicamente. Se hai pagato anticipatamente con Carta di Credito, Bonifico Bancario, l\u2019intera somma pagata ti sar\u00e0 riaccreditata a tue spese; se invece richiedi l\u2019annullamento dopo la spedizione (vedi Diritto di recesso) ti sar\u00e0 riaccreditato l\u2019importo al netto delle spese di trasporto.<\/p>\n<\/div><\/div><\/div><\/div><\/div><\/div><\/div><\/section>\n","protected":false},"excerpt":{"rendered":"","protected":false},"author":2,"featured_media":0,"parent":0,"menu_order":0,"comment_status":"closed","ping_status":"closed","template":"","meta":{"footnotes":""},"class_list":["post-901","page","type-page","status-publish","hentry"],"_links":{"self":[{"href":"https:\/\/www.bussettigiovanniartigianorafo.it\/shop\/wp-json\/wp\/v2\/pages\/901","targetHints":{"allow":["GET"]}}],"collection":[{"href":"https:\/\/www.bussettigiovanniartigianorafo.it\/shop\/wp-json\/wp\/v2\/pages"}],"about":[{"href":"https:\/\/www.bussettigiovanniartigianorafo.it\/shop\/wp-json\/wp\/v2\/types\/page"}],"author":[{"embeddable":true,"href":"https:\/\/www.bussettigiovanniartigianorafo.it\/shop\/wp-json\/wp\/v2\/users\/2"}],"replies":[{"embeddable":true,"href":"https:\/\/www.bussettigiovanniartigianorafo.it\/shop\/wp-json\/wp\/v2\/comments?post=901"}],"version-history":[{"count":8,"href":"https:\/\/www.bussettigiovanniartigianorafo.it\/shop\/wp-json\/wp\/v2\/pages\/901\/revisions"}],"predecessor-version":[{"id":2202,"href":"https:\/\/www.bussettigiovanniartigianorafo.it\/shop\/wp-json\/wp\/v2\/pages\/901\/revisions\/2202"}],"wp:attachment":[{"href":"https:\/\/www.bussettigiovanniartigianorafo.it\/shop\/wp-json\/wp\/v2\/media?parent=901"}],"curies":[{"name":"wp","href":"https:\/\/api.w.org\/{rel}","templated":true}]}}